 2, what is -1001111001 - -101?
-1001110100
In base 10, what is 28219 + 1?
28220
In base 2, what is -10000110011001 + -10?
-10000110011011
In base 12, what is -16b + 4?
-167
In base 4, what is -320 + -1002?
-1322
In base 7, what is 52 + -20?
32
In base 11, what is 2 - -98?
9a
In base 3, what is 10 - 122001?
-121221
In base 7, what is 0 - -565?
565
In base 2, what is -11101 - -11?
-11010
In base 5, what is -2 - 3?
-10
In base 16, what is 2 + 83?
85
In base 10, what is 954 - -4?
958
In base 12, what is -1b0 - 1?
-1b1
In base 6, what is 10512 + 20?
10532
In base 15, what is 938 - -5?
93d
In base 12, what is -1b - -3?
-18
In base 6, what is -311 - -14?
-253
In base 4, what is 2 - -202?
210
In base 6, what is 25245 - 0?
25245
In base 7, what is 3 + -3434?
-3431
In base 14, what is 3 - 22?
-1d
In base 2, what is 100000000 - 1010?
11110110
In base 12, what is -3 - 428?
-42b
In base 2, what is 11000001 - 10001?
10110000
In base 14, what is 327 - -3?
32a
In base 10, what is -280 - -3?
-277
In base 6, what is 1 + -534?
-533
In base 7, what is 44 + -36?
5
In base 10, what is -35 - 195?
-230
In base 3, what is -222 - -10?
-212
In base 16, what is -4 + -baa?
-bae
In base 5, what is -1041 + 2?
-1034
In base 15, what is -5 + 331?
32b
In base 12, what is 10396 - 1?
10395
In base 6, what is 51 - -155?
250
In base 8, what is 11 + -2?
7
In base 16, what is -1 - -9?
8
In base 7, what is 64 + 15?
112
In base 16, what is -1 - 33?
-34
In base 5, what is 31 + 14?
100
In base 10, what is 842 - -3?
845
In base 6, what is 4 - -3155?
3203
In base 8, what is 0 - -46?
46
In base 6, what is 5013 - -5?
5022
In base 3, what is -1001021 + -11?
-1001102
In base 14, what is 81b - 1?
81a
In base 6, what is 11 - -4425?
4440
In base 3, what is -12202120 + -1?
-12202121
In base 4, what is -13 - -330?
311
In base 8, what is 736 + 3?
741
In base 9, what is 2 + 100?
102
In base 14, what is -3 + -5b3?
-5b6
In base 5, what is -2022114 + -2?
-2022121
In base 16, what is 2 - -6d?
6f
In base 10, what is -81 - -3?
-78
In base 7, what is 36603 - 2?
36601
In base 8, what is -123 - 261?
-404
In base 13, what is b4 - -3?
b7
In base 16, what is -50 + 6?
-4a
In base 3, what is -20201 + -1?
-20202
In base 3, what is -10 - 2000002?
-2000012
In base 8, what is -1362 + 0?
-1362
In base 10, what is -4525 - 0?
-4525
In base 10, what is -61 - -30?
-31
In base 2, what is 101 + -1100010101?
-1100010000
In base 5, what is -2 - -4221?
4214
In base 5, what is 21 + 102?
123
In base 5, what is -4 + 302?
243
In base 9, what is -6 - 218?
-225
In base 10, what is -2 - -1382?
1380
In base 9, what is -42 + 87?
45
In base 16, what is 1a - -7d8?
7f2
In base 4, what is 111 + 310?
1021
In base 7, what is -3 + 210?
204
In base 7, what is -21 - -320?
266
In base 6, what is 5 + -2131?
-2122
In base 15, what is 1d + -3?
1a
In base 11, what is -2 - -1694?
1692
In base 7, what is -1144 - 5?
-1152
In base 13, what is 258 + -3?
255
In base 3, what is 202 - 211?
-2
In base 10, what is 4385 - -5?
4390
In base 2, what is 111000010 - -1?
111000011
In base 11, what is -256 + -5?
-260
In base 9, what is 16 - -10?
26
In base 13, what is -223 + b?
-215
In base 15, what is -6 - d?
-14
In base 11, what is a + -a0?
-91
In base 9, what is 0 - 411?
-411
In base 7, what is -446 + -6?
-455
In base 3, what is 12 - -2202?
2221
In base 16, what is 2370 - 3?
236d
In base 15, what is -33 - 3?
-36
In base 9, what is -3545 - 4?
-3550
In base 4, what is -1 + -322?
-323
In base 11, what is -360 + 5?
-356
In base 3, what is -12 + -10002?
-10021
In base 10, what is -183 - -9?
-174
In base 9, what is 0 - 1348?
-1348
In base 3, what is 0 - -222222?
222222
In base 15, what is -a + 41?
36
In base 12, what is 3786 - -3?
3789
In base 11, what is -21 + -2?
-23
In base 7, what is -146 - 131?
-310
In base 10, what is 4 + -951?
-947
In base 6, what is -4 - -124?
120
In base 10, what is 0 + -380?
-380
In base 8, what is -65 - 0?
-65
In base 6, what is 1 + -12132?
-12131
In base 13, what is 8b - -2?
90
In base 5, what is -432 - -20?
-412
In base 14, what is -1 - -a4?
a3
In base 12, what is -5a + -2?
-60
In base 14, what is -147 - 3?
-14a
In base 15, what is d08 - 5?
d03
In base 6, what is 54 + 12?
110
In base 11, what is 3 + -16?
-13
In base 13, what is 670 + -2?
66b
In base 15, what is 1 + 34?
35
In base 11, what is 16 - 33?
-18
In base 7, what is -32 - -20?
-12
In base 7, what is -230 + -4?
-234
In base 5, what is -10 + -1143?
-1203
In base 10, what is -73 - 18?
-91
In base 13, what is 101 - 4?
ca
In base 6, what is 2 + -1542?
-1540
In base 4, what is 121330 + 102?
122032
In base 15, what is -5 + -62?
-67
In base 5, what is 2 + -103?
-101
In base 5, what is 142 - -10?
202
In base 4, what is -2222 - -221?
-2001
In base 2, what is -1111 - 11001100?
-11011011
In base 4, what is 3100100 + 2?
3100102
In base 10, what is 4 - -6504?
6508
In base 14, what is 1b - 5b?
-40
In base 3, what is -1201 + -112?
-2020
In base 15, what is -19e - e?
-1ad
In base 2, what is 10001000 - -1?
10001001
In base 9, what is -11 + -257?
-268
In base 16, what is 30e - 8?
306
In base 11, what is 2 + -25?
-23
In base 10, what is 719 + 5?
724
In base 4, what is -2222 + 30?
-2132
In base 15, what is -88 + 0?
-88
In base 7, what is -4 - -141?
134
In base 15, what is 22 - 25?
-3
In base 14, what is 3 - -17?
1a
In base 4, what is 1311 + -11?
1300
In base 14, what is 1c7 - -6?
1cd
In base 11, what is 4 - a?
-6
In base 9, what is -5 - 42?
-47
In base 3, what is 2 - 2010?
-2001
In base 4, what is -2 + 112102?
112100
In base 11, what is 2 - 16?
-14
In base 10, what is -6 - 19?
-25
In base 10, what is -36 - 19?
-55
In base 3, what is -120 - 120220?
-121110
In base 4, what is 211 + -1?
210
In base 4, what is 3 + 1032?
1101
In base 3, what is -1 + -1221120?
-1221121
In base 2, what is -11101101011 - -1?
-11101101010
In base 12, what is -2 - 72?
-74
In base 11, what is -161 + 0?
-161
In base 12, what is 55 - 1?
54
In base 2, what is 1001111111000 - -100?
1001111111100
In base 6, what is -101 + 44?
-13
In base 7, what is -6 - 245?
-254
In base 12, what is -99 - -1?
-98
In base 8, what is -474 + 1?
-473
In base 13, what is 398 - 19?
37c
In base 16, what is -e - -1a?
c
In base 10, what is 10 + -520?
-510
In base 6, what is 2 + 145?
151
In base 10, what is -1 + -18?
-19
In base 3, what is -1 + -1122221?
-1122222
In base 2, what is 111000010111000 + 0?
111000010111000
In base 12, what is 425a + -3?
4257
In base 13, what is a - -8?
15
In base 15, what is 2 - -1?
3
In base 8, what is -60 + -5?
-65
In base 11, what is -127 + 1?
-126
In base 4, what is -133 + 20?
-113
In base 9, what is 12747 + 5?
12753
In base 10, what is 47 + -5?
42
In base 10, what is -7 + -29?
-36
In base 3, what is 0 - -1?
1
In base 10, what is -1 - 192?
-193
In base 8, what is -1 + -3330?
-3331
In base 13, what is -276 + 1?
-275
In base 3, what is 11 + -102011?
-102000
In base 4, what is 1121 - 1102?
13
In base 10, what is 5 - -26?
31
In base 10, what is 5 - -1025?
1030
In base 8, what is -4227 - -14?
-4213
In base 2, what is 110 + -10111000?
-10110010
In base 11, what is -10816 + -1?
-10817
In base 2, what is 1 - -110000100001?
110000100010
In base 9, what is -50 - -11?
-38
In base 8, what is 2722 - -3?
2725
In base 5, what is 4311 + 103?
4414
In base 3, what is -110021 - 1021?
-111112
In base 8, what is 27 + 151?
200
In base 13, what is 1 + -ca7?
-ca6
In base 3, what is 11 - -220122?
220210
In base 15, what is 3 - -90?
93
In base 12, what is -a - -8?
-2
In base 2, what is -11011001 - 110?
-11011111
In base 6, what is 0 + -15222?
-15222
In base 11, what is -2 - -12?
10
In base 16, what is -25c + 7?
-255
In base 8, what is -101 - 0?
-101
In base 15, what is -5 - 190a?
-1910
In base 12, what is 8 - -4?
10
In base 5, what is 14443 + 4?
20002
In base 16, what is -9 + -4?
-d
In base 15, what is 67 + -2c?
3a
In base 9, what is -751 + 17?
-733
In base 11, what is 47 + 9?
55
In base 5, what is -1031 + 1?
-1030
In base 13, what is 2b5 + 4?
2b9
In base 6, what is 111 - -10?
121
In base 8, what is -2 - 154?
-156
In base 16, what is -1 + 190?
18f
In base 3, what is 120120 - 0?
120120
In base 4, what is 3 - -120?
123
In base 11, what is 56 - 105?
-5a
In base 13, what is -195 + 3?
-192
In base 8, what is 6 - 37?
-31
In base 3, what is 2 + 1020?
1022
I